) + t/(-105)). Suppose -235 = -u*k + 95. What is the remainder when k is divided by 29?
26
Let v(b) = 3*b**2 - 55*b + 107. What is the remainder when v(19) is divided by 37?
34
Suppose -20 = -6*h + 1990. Let r = h - 321. What is the remainder when r is divided by 14/4 - (-2)/4?
2
Suppose 3*p + 46 = 4*p. Suppose -416*y + 4913 = -5225 + 1818. Calculate the remainder when p is divided by y.
6
Let f = -3333 + 3953. What is the remainder when f is divided by 19?
12
Let c = -12751 - -13147. Calculate the remainder when c is divided by 131.
3
Let v(h) = -304*h - 1097. Calculate the remainder when 5473 is divided by v(-4).
118
Suppose r - 5*n - 25 = 0, 5 = r - 3*r - n. Suppose -21*j - 3405 + 14892 = r. Calculate the remainder when j is divided by 5.
2
Let s = -4495 - -4757. Calculate the remainder when 982 is divided by s.
196
Suppose -3*i + 24059 = -5*d, -6*i = -10*i - 2*d + 32070. What is the remainder when i is divided by 14?
10
Let o = -4983 + 5149. Calculate the remainder when o is divided by 126.
40
Let w = 2766 + -2750. What is the remainder when 6510 is divided by w?
14
Suppose -164*w + 5163 + 6153 = 0. Calculate the remainder when w is divided by 63 - (-4)/(6/(-3)).
8
Suppose 85 = -8*n + 141. Suppose 0 = -n*d + 6*d + 4*q + 14, -5*d + 195 = 5*q. Calculate the remainder when 71 is divided by d.
3
What is the remainder when 668 is divided by (8/12)/(82/(-369))*172/(-3)?
152
Let h = -950 + 949. Calculate the remainder when (6*30/(-54))/(h/12) is divided by 19 + (-3)/(6/(-4)).
19
Suppose -2*p + 2*f = 7*f - 18, -76 = -5*p + 3*f. Let s(n) = 8*n - 66. What is the remainder when 88 is divided by s(p)?
42
Suppose -19 = -2*v + 17. Let s = -256 + 297. Let f = s - 21. Calculate the remainder when f is divided by v.
2
Let w = -27103 - -28087. What is the remainder when w is divided by 46?
18
Calculate the remainder when 1723 + ((-54)/(-3) - 30) is divided by 854.
3
Suppose -4*i + 5*f + 31 = 0, i = -3*i + 2*f + 22. Suppose 384 = -i*r + 7*r. Suppose -14*y = -r - 194. Calculate the remainder when 67 is divided by y.
21
Suppose 5*a - 58 = -4*r, -a = 3*a - 2*r - 36. Suppose -4*n + 3*n = -a. Calculate the remainder when 2 - (-680)/15 - (-2)/3 is divided by n.
8
Let t(c) = c**2 + 7*c + 2. Let n be t(-8). Let v(m) = -5*m**2 + 33*m - 1. Let i be v(n). Let g = i + 294. Calculate the remainder when g is divided by 31.
30
Calculate the remainder when (-1744)/(-20) + (-23)/((-1035)/126) + -3 is divided by 69.
18
Let r(v) = 127*v - 2168. What is the remainder when r(19) is divided by 241?
4
Calculate the remainder when 1337 is divided by 14/10 - (-67166)/710.
89
Let o(l) = 2*l**2 + 7*l - 1. Let y(z) = 13*z + 348. Let m be y(-25). Suppose 5*s - 2 = m. What is the remainder when o(-5) is divided by s?
4
Suppose -h + 1083 = 3*f, -1887 = -2*h - 4*f + 287. Suppose 2*z - h = -3*r + z, -2*z + 365 = r. Calculate the remainder when r is divided by 16.
13
Suppose -116*x = -2159063 + 694447. Calculate the remainder when x is divided by 28.
26
Suppose -45 = -5*j + 4*u, -4*j - 4*u - 8 + 80 = 0. Suppose j*w - 190 = 3*w. Let k = -29 + 81. Calculate the remainder when k is divided by w.
14
Suppose 2*t + 0*c - 2495 = 5*c, -5*c = 3*t - 3730. What is the remainder when t is divided by 96?
93
Suppose -5*j + 10091 = -4*c, -422 - 3654 = -2*j - 5*c. Calculate the remainder when j is divided by 13.
8
Let a(y) = 5*y**2 - 41*y + 83. What is the remainder when a(2) is divided by 9?
3
Suppose 10 = 5*t - 0*t. Suppose -t*l + 396 - 10 = 0. What is the remainder when l is divided by (-260)/390*117/(-2)?
37
Let o(t) = 27*t**2 + 858*t - 17. What is the remainder when 8048 is divided by o(-32)?
173
Let h be (2*3)/(58 + -55). Suppose 0 = -h*i - 6, i + i = -3*q - 3. Calculate the remainder when q is divided by 1.
0
Let s = -2555 - -2578. Let w = -13 - -13. Suppose -y + w*y = -13. Calculate the remainder when s is divided by y.
10
Suppose 9*w + 225 - 1314 = 0. What is the remainder when 267 is divided by w?
25
What is the remainder when 96 is divided by (-286)/(-44) + 10/4?
6
Let w(f) = 6*f + 8. Let z be w(12). Calculate the remainder when (-7 + 3)/((-4)/z) is divided by 17.
12
Suppose -2150 = -41*a + 837 + 2179. Calculate the remainder when 530 is divided by a.
26
Let f = 374 - 367. Suppose -11 + 53 = 3*c. Let a = c - f. What is the remainder when 40 is divided by a?
5
What is the remainder when 169 is divided by 84 + (-12*22/56 - 4/14)?
11
Suppose -5*b = 3*b - 1136. Suppose 0 = 5*c - b - 68. Suppose -o = -2*k - c, -o = o - 5*k - 89. What is the remainder when o is divided by 9?
5
Suppose -5*k = 59*w - 55*w - 442, -3*w + 955 = 11*k. What is the remainder when 1109 is divided by k?
77
Let q be -2*(6 + -4 + 0). Calculate the remainder when ((-6)/q)/(36/6888) is divided by 32.
31
Suppose 2974 = -7*j - 1429. Let q = -579 - j. Let n(t) = -t**2 - 14*t - 5. What is the remainder when q is divided by n(-11)?
22
Suppose 3*j = j - 2*b + 400, -5*j + b = -982. Let h = j + -138. Let w = -35 - -50. What is the remainder when h is divided by w?
14
Let i(z) = 46*z - 6. Let h = 81 + -80. Calculate the remainder when i(h) is divided by 7.
5
Suppose -56 = -2*a - 38. Suppose 0 = a*k - 31*k + 506. Let h = 3 + 61. What is the remainder when h is divided by k?
18
Let q(s) = -s**3 + 18*s**2 + s. Suppose -115*l - 6530 = -26425. What is the remainder when l is divided by q(18)?
11
Let p = -70 + 84. Suppose -4*d = -3*c - p, -1 = 2*c - 5. Suppose d*t + 21 = 6*t. Calculate the remainder when 82 is divided by t.
19
Suppose 4*z = 42 + 234. Suppose -19*w + z = -159. What is the remainder when 91 is divided by w?
7
Calculate the remainder when 297 is divided by (29/1)/(-1)*(-37 - -34).
36
Suppose 30*h + 2360 = 157*h + 463*h. Calculate the remainder when 307 is divided by h.
3
Suppose -5*a + 15 = 0, -2*w + 77 = -a + 8. Calculate the remainder when w is divided by 8 - (212/(-159) - 13/(-3)).
1
Let h be 6/(-4)*-2*(-15080)/(-195). Suppose 62 + h = 7*v. Calculate the remainder when 335 is divided by v.
41
Let p(t) = t**2 - 61*t + 310. What is the remainder when 66 is divided by p(5)?
6
Let s(f) = 154*f - 1044. Let g be s(7). Suppose -3*u + 4 = 40. Let m = u + g. What is the remainder when 70 is divided by m?
4
Let i = 71 + -21. Let p = i + 129. What is the remainder when p is divided by 13?
10
Suppose -184 + 52 = -4*g. Let t(y) = y**2 + 19. Let o(p) = 12*p - 180. Let k be o(16). Calculate the remainder when t(k) is divided by g.
31
Let u be -1*15 + -31 + 26. What is the remainder when 188 is divided by ((-1238)/u - 4) + 4/40?
14
Suppose h - 1069 = -2*g, -6*g + 0*h + 3247 = -5*h. Calculate the remainder when g is divided by 172.
21
Suppose 0 = d + 5*c - 384, -102*d + 103*d - 4*c - 393 = 0. What is the remainder when d is divided by 126?
11
Suppose -4*n = -2*n + l - 15, -4*l = -2*n + 30. Let o(g) = 101*g - 437. Calculate the remainder when o(5) is divided by n.
5
Suppose -4*n - 2 = -f, 2*n = -3*f - 11 + 59. Suppose -3*s = 2*z - f - 20, -5*s = 10. Calculate the remainder when 459 is divided by z.
19
Suppose 0 = n - 5, -8*n + 79 = 4*c - 9*n. Suppose 4*o = -b + 6, -2*b + 2*o + c = -1. Calculate the remainder when 33 is divided by b.
3
Suppose 0 = 61*p - 14435 - 6793. Calculate the remainder when p is divided by 90.
78
Let r(k) = -2*k - 10. Let h be r(-4). Suppose 10*g + 46 = 326. What is the remainder when g is divided by (-8)/(-6)*h*-6?
12
What is the remainder when (10032/(-704))/((-3)/8) is divided by 14?
10
Let u = 5 + -3. Calculate the remainder when -1 - (-62 + (-8)/u) is divided by 17.
14
Suppose 0 = 3*u + 3*t - 510, 4*u - 3*t = -8*t + 685. Suppose -5*k - 59 - 68 = -2*c, 3*c + k = u. Calculate the remainder when c is divided by 3.
2
What is the remainder when (-105056)/(-104) + (-1)/(-3) + (-19)/39 is divided by 78?
74
Suppose 780*y = 787*y - 217. What is the remainder when 135 is divided by y?
11
Let i be 66/(-110) + (-22)/5. Let m(y) = y**3 + 7*y**2 + 7*y + 7. Calculate the remainder when 153 is divided by m(i).
21
Suppose 143*w = 34*w + 1123116 + 510576. Calculate the remainder when w is divided by 57.
54
Suppose -3*b = -p - 204, -2*b - 5*p + 119 = -0*b. Calculate the remainder when b is divided by -2 + (-84)/(-15) - (-792)/1980.
3
Let m(s) = s**3 - 2*s**2 + 3*s + 7. Let o be m(2). Let y(z) = -22 - 4*z - 2*z + 0*z - 12*z**2 + z**3. C